 = u**3 - 16626*u**2 + 116325*u + 22. Determine k(7).
-34
Let r(o) = 6*o**3 + 340*o**2 - 113*o - 106. Determine r(-57).
-163
Let c(k) = k**2 + 42*k + 308. What is c(-59)?
1311
Let k(p) = 178*p - 12807. Determine k(73).
187
Let j(t) = 6*t**3 - 53*t**2 - 931*t + 2060. Calculate j(2).
34
Let x(m) = -250738*m + 2005879. Give x(8).
-25
Let h(c) = -2*c**3 - 76*c**2 - 442*c - 42. What is h(-7)?
14
Let k(t) = 2797*t + 20823. Determine k(-7).
1244
Let d(j) = 26*j**2 - 3141*j + 31334. Give d(11).
-71
Let b(o) = -o**3 - 229*o**2 + 22796*o - 1183. What is b(-304)?
33
Let t(s) = 584*s + 122691. Determine t(-210).
51
Let k(f) = f**3 + 22*f**2 + 113*f - 55. What is k(-10)?
15
Let x(o) = o**3 - 272*o**2 - 2950*o - 1289. Determine x(-10).
11
Let t(g) = 85231*g + 1107992. Give t(-13).
-11
Let d(v) = -15*v**2 - 2320*v + 22102. Calculate d(9).
7
Let g(i) = 463902*i + 1391713. Give g(-3).
7
Let o(d) = d**2 - 88*d - 926. Calculate o(-11).
163
Let o(w) = 15*w**2 - 1550*w + 19812. Determine o(15).
-63
Let p(c) = 8712*c + 375246. Determine p(-43).
630
Let a(o) = 70*o**2 - 7834*o - 371. Give a(112).
301
Let t(o) = o**2 + 1196*o - 21295. Calculate t(17).
-674
Let y(t) = t**2 - 299*t - 20265. Calculate y(-56).
-385
Let r(l) = l**3 - 10*l**2 - 57*l + 138. What is r(16)?
762
Let i(q) = 5*q**3 + 623*q**2 + 15676*q - 145. Calculate i(-35).
-5
Let v(a) = -185*a - 7918. Determine v(-33).
-1813
Let g(x) = -2838*x - 73799. What is g(-26)?
-11
Let r(u) = 331*u - 4909. What is r(12)?
-937
Let f(o) = 18*o**3 + 1514*o**2 + 144*o - 2003. Give f(-84).
13
Let x(m) = 421*m + 9407. Calculate x(-31).
-3644
Let m(r) = 221*r**3 + 8*r**2 - 191*r + 551. What is m(3)?
6017
Let u(k) = k**3 - 72*k**2 + 358*k - 25765. What is u(72)?
11
Let g(j) = -2*j**2 + 3*j + 185. What is g(10)?
15
Let h(r) = -19*r**2 + 1079*r - 181. Determine h(58).
-1515
Let a(h) = h**3 - 284*h**2 - 10885*h + 23183. Give a(318).
-31
Let n(m) = -m**3 - 328*m**2 - 25534*m - 1322. Determine n(-201).
85
Let q(l) = 7*l**2 + 1021*l + 27971. Calculate q(-28).
4871
Let o(b) = b**3 + 118*b**2 + 774*b - 960. What is o(-111)?
-627
Let r(t) = -35*t**2 - 127*t - 987. Calculate r(-6).
-1485
Let n(z) = 191358*z - 2104948. Determine n(11).
-10
Let b(n) = n**2 + 632*n + 83841. Determine b(-189).
114
Let u(d) = -37*d**2 + 1306*d - 20. Calculate u(35).
365
Let d(t) = -t**3 + 48*t**2 - 574*t + 1785. What is d(11)?
-52
Let r(p) = 2*p**3 + 1076*p**2 - 2115*p + 24363. Determine r(-540).
63
Let f(g) = 593*g**2 - 596*g + 3. Determine f(1).
0
Let w(r) = 3*r**3 - 38*r**2 - 264*r - 16. Determine w(18).
416
Let h(q) = -5*q**3 - 336*q**2 - 393*q + 188. What is h(-66)?
-10
Let m(g) = 180215*g - 3243879. Give m(18).
-9
Let a(s) = 9*s**3 - 3*s**2 - 10. Determine a(0).
-10
Let l(b) = -696*b + 7233. Determine l(10).
273
Let y(w) = 1395*w + 69734. What is y(-50)?
-16
Let t(m) = -221*m**2 + 2644*m - 2270. Determine t(11).
73
Let j(n) = -14032*n + 715607. Determine j(51).
-25
Let w(b) = 282556*b - 565304. What is w(2)?
-192
Let p(b) = -3928*b + 69137. Calculate p(17).
2361
Let a(i) = 140*i**2 - 13*i - 22. Calculate a(2).
512
Let g(k) = -373*k + 12499. Determine g(33).
190
Let o(s) = s**2 + 186*s - 19546. Determine o(75).
29
Let a(v) = 16*v**3 + 10*v**2 + 6*v + 10. Determine a(-3).
-350
Let g(a) = -47845*a - 1339672. Calculate g(-28).
-12
Let a(z) = -z**2 + 992737*z + 23826272. Calculate a(-24).
8
Let s(a) = -323*a + 50102. What is s(155)?
37
Let f(o) = -3629*o + 424495. Calculate f(117).
-98
Let f(x) = x**3 - 78*x**2 - 331*x - 17. Give f(0).
-17
Let f(i) = -2*i**3 + 24*i**2 - 120*i + 50. Determine f(14).
-2414
Let x(g) = 4*g**3 - 312*g**2 - 8*g + 461. Determine x(78).
-163
Let s(h) = -21008*h + 231107. What is s(11)?
19
Let h(n) = n**3 + 37*n**2 + 136*n + 4638. Calculate h(-37).
-394
Let w(r) = -60466*r - 181400. Determine w(-3).
-2
Let f(v) = v**2 - 1556*v + 4663. Calculate f(3).
4
Let f(c) = -57670*c - 288330. Give f(-5).
20
Let c(l) = 19*l**3 - 77*l**2 - 218*l + 933. Determine c(4).
45
Let w(z) = -47172*z + 471731. What is w(10)?
11
Let w(j) = -815*j - 287719. Give w(-353).
-24
Let v(x) = -29*x - 213. Calculate v(-34).
773
Let j(o) = -24169*o + 48318. Calculate j(2).
-20
Let x(r) = -98*r**3 - 787*r**2 - 14*r - 31. Give x(-8).
-111
Let i(k) = 63*k**2 - 6536*k - 1653. What is i(104)?
11
Let o(r) = 600*r - 69788. Determine o(116).
-188
Let v(w) = 4850253*w + 29101521. Determine v(-6).
3
Let g(x) = 199*x - 66. Give g(3).
531
Let b(g) = 10*g**2 + 8252*g - 75090. What is b(9)?
-12
Let r(z) = -7*z**3 + z**2 - 510*z - 90. Determine r(0).
-90
Let i(b) = -b**3 - 6*b**2 + 80*b + 100. Determine i(-12).
4
Let y(f) = -122*f**2 + 396*f + 1185. Determine y(-3).
-1101
Let a(b) = -2*b**3 - 1085*b**2 - 9604*b + 1. Determine a(-9).
10
Let t(v) = -5*v**2 - 772*v - 414. Calculate t(-154).
-106
Let q(y) = -92*y**2 + 1298*y - 4575. Determine q(7).
3
Let g(q) = -q**3 - 272*q**2 - 787*q + 5387. Calculate g(-269).
7
Let f(g) = 74359*g - 2751158. Give f(37).
125
Let s(a) = -a**3 - 41*a**2 - 13*a + 3206. Calculate s(8).
-34
Let a(c) = -c**3 + 737*c**2 - 38148*c + 8189. Give a(681).
17
Let z(i) = -i**3 + 68*i**2 - 236*i - 4976. What is z(63)?
1
Let g(d) = -26610*d + 3672168. Determine g(138).
-12
Let a(h) = -2033*h - 26390. What is a(-13)?
39
Let l(j) = -167*j + 3234. What is l(37)?
-2945
Let x(t) = 3*t**3 + 12*t**2 - 372*t - 1138. Calculate x(-3).
5
Let n(c) = -4*c**3 + 38*c**2 + 420*c + 1158. What is n(-7)?
1452
Let g(d) = -46623*d - 1025712. Determine g(-22).
-6
Let m(r) = 3413*r + 153593. What is m(-45)?
8
Let i(q) = -q**3 + 50*q**2 + 5*q - 77. Determine i(50).
173
Let h(l) = -2*l**3 - 238*l**2 + 941*l - 363. Give h(-123).
4926
Let a(n) = 5190*n - 664318. What is a(128)?
2
Let u(x) = -23949*x - 95793. Calculate u(-4).
3
Let h(m) = m**3 + 9*m**2 - 267*m - 3598. Determine h(-15).
-943
Let a(l) = -l**3 - 36*l**2 + 557*l + 20282. Calculate a(-35).
-438
Let b(l) = l**3 + 9*l**2 + 41*l + 47. Determine b(-7).
-142
Let f(w) = -w**2 - 2705*w - 1656634. Calculate f(-937).
-18
Let d(f) = -5*f**2 - 32*f + 940. Determine d(11).
-17
Let h(i) = -69*i**2 - 3191*i - 6106. Calculate h(-2).
0
Let r(n) = 261061*n + 4. Calculate r(0).
4
Let q(p) = 2*p**3 - 1094*p**2 + 1073*p + 10342. Determine q(546).
-32
Let m(s) = -s**3 + 35*s**2 - 58*s + 21. Give m(31).
2067
Let c(o) = -428*o**2 + 303028*o - 2819. What is c(708)?
13
Let p(h) = -323*h**2 - 2935*h - 245. What is p(-9)?
7
Let m(p) = -687*p + 103731. What is m(151)?
-6
Let z(r) = -274*r**2 + 3852*r - 108. Determine z(14).
116
Let p(l) = 953*l - 32152. Give p(33).
-703
Let c(a) = -a**3 - 7*a**2 + 226*a + 1692. Calculate c(-7).
110
Let i(d) = -2*d**2 - 10500*d - 3790815. Calculate i(-390).
-15
Let h(r) = -r**3 - 48*r**2 - 47*r - 242. Give h(-47).
-242
Let i(y) = y**3 - 48*y**2 + 77*y + 712. Calculate i(46).
22
Let o(a) = 45487*a + 1637490. Give o(-36).
-42
Let w(k) = -700*k - 41007. Calculate w(-65).
4493
Let w(p) = -2*p**3 - 444*p**2 + 2379*p + 623445. Give w(-221).
4
Let r(s) = -916*s - 26513. Calculate r(-29).
51
Let d(q) = 3725*q - 182581. What is d(49)?
-56
Let m(q) = -49*q**3 + 337*q**2 - 817*q + 6033. What is m(7)?
20
Let k(a) = -24*a**2 + 688*a - 4923. Give k(15).
-3
Let c(v) = -v**3 - 260*v**2 + 532*v + 2765. What is c(-262)?
669
Let j(w) = 86*w - 17339. Determine j(202).
33
Let k(g) = -g**2 + 1412*g - 22358. Calculate k(1396).
-22
Let r(u) = 1422*u - 31031. What is r(21)?
-1169
Let i(j) = -6*j**2 - 1342*j + 3280. Give i(-226).
116
Let f(y) = -3*y**2 - 371*y - 5411. What is f(-95)?
2759
Let n(x) = -13687*x + 5639077. Calculate n(412).
33
Let v(q) = -14*q - 987. What is v(-16)?
-763
Let u(b) = 27616*b - 1353232. Calculate u(49).
-48
Let b(j) = 24036*j**2 - 48075*j + 5. What is b(2)?
-1
Let c(v) = -44774*v - 1119347. Determine c(-25).
3
Let y(o) = o**3 + 54*o**2 + 347*o + 20. Determine y(-7).
-106
Let a(l) = 575*l**2 - 29*l - 22. Give a(-1).
582
Let a(u) = -8149*u - 57120. Calculate a(-7).
-77
Let j(c) = -2*c**3 - 17640*c**2 + 176603*c - 9. Give j(10).
21
Let t(j) = 2*j**3 + 21*j**2 - 22*j - 140. What is t(-15)?
-1835
Let a(v) = 333*v - 24075. Calculate a(72).
-99
Let u(v) = 2*v**2 - 4685*v + 220273. Give u(48).
1
Let t(c) = -297*c + 22462. What is t(82)?
-1892
Let d(k) = -2*k**2 + 55652*k - 222579. What is d(4)?
-3
Let h(g) = 1104*g + 60795. Cal